 be the third derivative of -w**4/12 - 5*w**3/6 - 20*w**2. Let q be u(-4). Suppose 13 = 4*z - q*l - 152, 0 = 4*l - 4. What is the tens digit of z?
4
Let n(s) = -19*s + 28. Let d be n(-21). Let u = -213 + d. Suppose 0 = -2*k - 2*k + 2*t + 234, 0 = 4*k + 2*t - u. What is the tens digit of k?
5
Suppose 5*l - 19*l + 447352 = 100726. What is the tens digit of l?
5
Suppose -m + 5*m - 100 = 0. Suppose 0 = -2*t + m - 19. Suppose 0 = t*i - 2 - 19. What is the units digit of i?
7
Let d(k) be the first derivative of -k**4/4 + 8*k**3/3 + k**2/2 + 8*k + 9. Suppose r = -3*f + 1, -2*f - 11 + 35 = 4*r. What is the tens digit of d(r)?
6
Suppose 0*c = -14*c - 56. What is the hundreds digit of -3402*14/(-112) + (-3)/c?
4
Suppose -5*d - 27 = 4*h + 153, 4*d + 176 = -4*h. Suppose -19 + 157 = 3*m. Let n = m + h. What is the units digit of n?
6
Suppose 5380 = 40*v - 2180. Let y = v - -151. What is the tens digit of y?
4
Let l(d) = -5*d**3 + 6*d**2 - 5*d - 20. Suppose -14*a + 8*a - 30 = 0. Let h be l(a). Let q = h + -541. What is the units digit of q?
9
Let l = 15576 + 13378. What is the thousands digit of l?
8
Suppose -5616 = -5*l - 4*l. What is the units digit of (22/4)/(24/l)?
3
Suppose 37 - 27 = 5*l. Suppose -35*v + 1372 = l*z - 31*v, 0 = -2*z + 2*v + 1390. What is the units digit of z?
2
Suppose -89*o = 63*o - 1151856. What is the thousands digit of o?
7
Suppose 3*s = 3*k + 9, 6*k - 2*k + 8 = 2*s. Let w be 1 - (194 - (2 + k)). Let m = w - -306. What is the units digit of m?
4
Suppose -3*s + 722 = -172. What is the hundreds digit of (s - (1 + -1)) + (18 - 21)?
2
Suppose 8*g - 15836 = 1316 + 78192. What is the thousands digit of g?
1
Suppose 2*d + 2*d + 4 = -4*c, 0 = d - 1. What is the tens digit of (-2 + -2 + (c - -7))*235?
3
Let h = -44 + 51. Let v be 45/(h + -4)*(0 + 5). Suppose -v*b = -71*b - 152. What is the units digit of b?
8
Let p(h) = -2*h**3 - 27*h**2 - 98*h - 113. What is the hundreds digit of p(-23)?
1
What is the hundreds digit of ((-32)/10)/(5299960/662500 + -8)?
0
Suppose 10*r - 6*r - 5*v + 1 = 0, -50 = -5*r - 4*v. Suppose -3*o - 5*j + 1320 = 0, -r*o - 5*j = -2*o - 1760. What is the tens digit of o?
4
Suppose 4*f = -t + 3 + 2, 2*f = -5*t + 25. Suppose f = b - 4*b + 2562. Suppose b - 326 = 8*r. What is the tens digit of r?
6
Let m(g) = -2*g**2 - 72*g + 3. Let w(o) = o**3 + 5*o**2 + 9*o + 9. Let i be w(-5). What is the units digit of m(i)?
3
Let b(v) = 12*v**2 + 9*v + 11. Let f(u) = -u**2 - 1. Let r(t) = b(t) + 3*f(t). What is the hundreds digit of r(-6)?
2
What is the tens digit of -2 - 23550/(-14) - 522/(-609)?
8
Let f = 16 + -11. Suppose -8 = -4*n, 5 = f*u - 4*n + 13. Suppose u*d + 3*d - 60 = 0. What is the units digit of d?
0
Let j(s) = -s**2 + 8*s + 18. Let x be -6*1*(-2)/2. Let v be j(x). Let n = v + -26. What is the units digit of n?
4
Let u(a) = -6*a**2 - 63*a + 15. Let q be u(-10). Let y(z) = -4*z**2 + 196*z - 4. What is the units digit of y(q)?
6
Let m(i) = -104*i - 111. Let g(u) = 5*u + 1. Let n(r) = -2*g(r) + m(r). What is the hundreds digit of n(-9)?
9
Suppose t = -4*r + 1220, 3*r + t - 3*t - 904 = 0. Suppose 10*k = 7*k - 651. Let i = k + r. What is the units digit of i?
7
Let g(x) = -x**3 + 3*x**2 - 8*x + 75. Let j be g(5). What is the tens digit of 6/j - (-8 + 14908/(-20))?
5
Let f = -98 - -57. Let k = 574 + f. What is the hundreds digit of k?
5
Suppose 0 = -4*o + 8*o + z - 349, -3*z = o - 90. Let k be 3*(-4)/(-9)*3. Suppose -5*q - k = -x + o, 119 = x + 2*q. What is the tens digit of x?
1
Let w(a) = 46*a**3 + 8*a**2 + 2*a. Let l be w(-2). Let x = l - -633. What is the hundreds digit of x?
2
Let l be ((-96)/(-56))/((-2)/14). Let w be 2/6 + (-1652)/l. Let t = 168 - w. What is the tens digit of t?
3
Let w(d) = -2*d + 8*d**2 - 11 + 4*d**2 + 5*d**2 - 4*d**2. Let j be w(4). Suppose 4*b - 487 = j. What is the tens digit of b?
6
Let d(r) = -3*r**2 + 2*r + 2. Let u be d(-1). What is the tens digit of (-251 + -6 + u)*4/(-10)?
0
Suppose i - 4*s = 546, -6*i - 2*s + 528 = -5*i. Let f = i - 500. What is the tens digit of f?
3
Suppose 5*o - 4*h = 747, -o = 3*h - 70 - 68. Suppose 140*k = o*k - 3955. What is the hundreds digit of k?
5
Suppose -23169 = -9*j + 555. What is the hundreds digit of j?
6
Let f = 16006 + -13427. What is the units digit of f?
9
Let o be 10/(-45) - (20/(-9) - 4). Suppose -5*f - 1880 = -11*g + o*g, 0 = -3*g + 5*f + 1136. What is the tens digit of g?
7
Let y = -1926 + 7766. What is the units digit of y?
0
Suppose 166 = 4*g + 26. Suppose h + h - 30 = -5*f, -h = 5*f - g. Suppose f*p + 81 = 697. What is the tens digit of p?
7
Let p(y) = 57 - 66 + 2*y**3 + 20*y**2 + 6*y - 5*y + y**3. What is the hundreds digit of p(6)?
3
Let z be -1 + (-7 + -18)/(-5). Suppose z*x = -3*u + 1056, 4*u = -3*x - 2*x + 1409. What is the units digit of u?
6
Suppose -8 = 2*m + 2, -5*p + 2*m = 970. Let w = 102 + p. Let n = w + 111. What is the units digit of n?
7
Let c(a) be the second derivative of a**4/12 + 9*a**3/2 - 31*a**2/2 - 20*a. What is the tens digit of c(14)?
4
Let n = -14 - -13. Let p be (155/93)/((n/3)/(-1)). Suppose p*s + 20 = 2*i, -20 = -2*i + 2*s + 12. What is the tens digit of i?
2
What is the hundreds digit of (569/(-3))/((-10)/90)?
7
Suppose 5*d + 2*d - 14 = 0. Let n(p) = -6*p - 25 + p**d - p**3 - 7*p**2 + 27. What is the tens digit of n(-6)?
3
Suppose 1190 = 21*m - 16*m. Suppose -2*a - 198 = 5*u, m = -5*u - a + 39. Let j = u - -70. What is the tens digit of j?
3
Let i be 1 + -20 + (-2)/3*-3. Let z(q) = -2*q**2 - 39*q + 32. What is the tens digit of z(i)?
1
Suppose 2*z + 341 - 373 = 0. Suppose -3*i - 4*j + 286 = 0, -3*j + z = j. What is the tens digit of i?
9
Let k(l) = -3*l**2 + 13*l + 15. Let t(n) = -n**3 + 9*n**2 - 37*n - 44. Let r(j) = -17*k(j) - 6*t(j). What is the units digit of r(4)?
9
Suppose 0 = -4*v - 3*z, 4*v = -8*z + 9*z. Suppose 3*x - 930 - 2868 = v. What is the tens digit of x?
6
Suppose -2*h + 7 = -3*i - 2*i, 0 = 4*h + 4*i - 84. Let y be (-5*1)/((-40)/h). Suppose -y*b + 348 = 4*b. What is the tens digit of b?
5
Suppose 0 = 36*z + 47*z - 316201 - 99878. What is the units digit of z?
3
Suppose 110*g - 124*g = -707336. What is the units digit of g?
4
Suppose 37*f - 29739 = 5*f + 489429. What is the hundreds digit of f?
2
Suppose -c + 61 = -33. Suppose 3*l - c = 5*l. Let d = -13 - l. What is the units digit of d?
4
Let c be ((-285)/(-4))/(-5) + (-9)/(-36). What is the units digit of 470 - (c/7 + 3)?
9
Let f(l) = 13*l**2 + 3*l + 8. Let y be f(-2). Suppose -y*m = -47*m - 6356. What is the tens digit of m?
0
Let o = 126 + 111. Suppose 37*g + 23172 = -20599. What is the tens digit of ((-4)/(-6))/(5 + g/o)?
7
Suppose -25*j + 2606 = -22*j - h, -3*j - h + 2608 = 0. Let g = 1443 - j. What is the tens digit of g?
7
Suppose 2*f - 19645 = 5*s, -2*f + 31135 = -6*s + 11489. What is the thousands digit of f?
9
Suppose 204 = -122*p + 128*p. Suppose -5*q + v - 1 + 10 = 0, 5*q + 11 = -4*v. Suppose -q = a - p. What is the tens digit of a?
3
Suppose 0 = -w - 3*l - 19, -l - 11 - 28 = 5*w. Let h(t) = t**3 + 11*t**2 + 5*t + 9. Let m be h(-10). Let q = m + w. What is the tens digit of q?
5
Suppose -11*o + 8*o + 117 = 0. Let q = o - 76. Let s = q + 74. What is the units digit of s?
7
Let c be (4 - (-210)/(-25))*1310/(-4). Suppose 43*t - 41*t = 5*s + c, -5*t = 3*s - 3525. What is the hundreds digit of t?
7
Suppose -568811 - 3364499 = -134*y + 403466. What is the units digit of y?
4
Suppose 5*h - 4*m = 3982, -5*h - 8*m + 3979 = -11*m. Suppose -h - 4502 = -8*f. What is the units digit of f?
2
Let s(m) = -243*m - 79. Suppose 36 - 18 = -6*y. What is the hundreds digit of s(y)?
6
Suppose 38763 = 72*d + d. What is the tens digit of d?
3
Let z = -28104 + 51784. What is the hundreds digit of z?
6
Suppose -3*s - 10 = -16. Suppose 0 = -s*h + j - 180, -h - 4*h + 5*j = 445. Let f = 132 + h. What is the tens digit of f?
4
Let q(f) = -44*f - 31. Let x(v) = -91*v - 62. Let a(l) = -13*q(l) + 6*x(l). What is the hundreds digit of a(5)?
1
Let s(i) = 51*i**3 + 3*i**2 - 4*i + 2. Let r be s(1). Suppose -r*f = -50*f - 2318. What is the tens digit of f?
5
What is the tens digit of 114/(-190) + 43/5 + 7446?
5
Let p = -41562 - -61509. What is the hundreds digit of p?
9
Suppose 3*l - 6*l = -4*d - 22, -5*l + 4*d = -26. Let p be (-7)/((-28)/8) + l*62. Suppose 6*u = p + 540. What 